 2. Let x be 220/(-50) + 4/10. Let f = x + 1. Let z(v) = f*y(v) + 4*n(v). Give z(-3).
-4
Let x(m) be the second derivative of m**3/6 + 2*m**2 + 4*m. Let z be x(0). Suppose 4*a + 5 = -y, 3 = y - z*a - 0. Let g(p) = -2*p - 1. What is g(y)?
1
Let o(n) be the first derivative of n**4/4 - n**3 - 5*n + 5. Calculate o(4).
11
Suppose 3*s = s - 4, -z + 5*s + 13 = 0. Suppose 0 = z*h + 2*h + 25. Let w(v) be the third derivative of v**4/12 + v**3/6 + 17*v**2. Determine w(h).
-9
Let q(h) = -45*h + 5 + 46*h + 0 - 1. Determine q(4).
8
Let y = -6 - -11. Let c(j) be the second derivative of 7/2*j**2 - 2*j - 1/6*j**3 + 0. Calculate c(y).
2
Suppose -4*x + 2*t = -t, 0 = x - 3*t. Suppose x = -2*h - 5*k + 16, -k - 17 = -5*h - 2*k. Let q(p) = -3*p**2 + 2*p**h + 3*p - p**3 + 0*p - 2. What is q(2)?
0
Let v(u) = 1 - 5*u**2 + 5*u - 5*u. Let c be v(1). Let b(x) = -x**2 - 4*x - 6. What is b(c)?
-6
Suppose -2*j - 28 = -5*u, 17 = 5*u - j - 7. Suppose u*b = 2*g - 6*g + 16, 2*b = 2*g - 8. Let x(w) = -6 + 4*w - 2*w + b*w - w. Determine x(5).
-1
Let g(x) = 2 - 5*x**2 + 22*x + x**3 + 7 - 29*x. Give g(6).
3
Let r(v) = 3*v + 5. Suppose 2*p + 3 + 5 = 0. Give r(p).
-7
Let z(q) = 14*q**3 - q**2 + 6*q + 3. Let m be (-108)/15 - 2/(-10). Let s(u) = 5*u**3 + 2*u + 1. Let y(d) = m*s(d) + 2*z(d). Give y(-1).
6
Suppose 3*v = -2*i + 6, -4 = -2*i + 2. Let s(a) = a**2 + a - 11. Calculate s(v).
-11
Let l(r) = r**3 + 5 - 3*r**2 - 1 - r - 3*r**2. Let f be (-13)/(-2) + 1/(-2). Determine l(f).
-2
Let w = 15 - 10. Let t(n) = n - 7. What is t(w)?
-2
Let u(x) = -x**3 - 3*x**2 + 5*x - 2. Let k = -2 - -3. Let t(y) = -y + 1. Let g(h) = 2*h + 2. Let q(r) = -g(r) + 3*t(r). Let m be q(k). Determine u(m).
-6
Let w be 6/(-12) + (-3)/((-6)/(-13)). Let g(m) = -m**3 - 7*m**2 + m - 2. What is g(w)?
-9
Let o(q) = 2*q**3 + 3*q**2 - 2*q. Let h(p) = -p**2 - 8*p - 15. Let k be h(-6). Calculate o(k).
-21
Let f(s) be the second derivative of -1/2*s**2 + 0 + 1/6*s**3 - s. Give f(4).
3
Let s(l) be the first derivative of l**3/3 - l**2/2 - l + 5. Calculate s(0).
-1
Let j(y) = -y**3 + 9*y**2 - 5*y - 6. Let g(k) = -2*k**3 + 19*k**2 - 10*k - 13. Let c = 17 + -26. Let d(u) = c*j(u) + 4*g(u). Calculate d(4).
6
Let p(w) = 2 - 2 + 4 - w. Determine p(6).
-2
Let y(w) = -3*w**2 - 3. Let m(r) = -4*r**2 - r - 4. Let o(b) = -4*m(b) + 5*y(b). Let f(z) = -z. Suppose 3*a - 2 = 1. Let c(t) = a*o(t) + 3*f(t). Calculate c(0).
1
Let l(v) = -8*v + 12*v - 4 + 1. Let f(u) = u**2 + 5*u - 4. Let z be f(-6). Determine l(z).
5
Let c(z) = z**3 - 5*z**2 + 5*z + 2. Let l be c(4). Suppose 4*x + 2 = l. Let r(i) = i + 2 + i + 6*i - x. Calculate r(-1).
-7
Suppose -8*r - 44 = 3*r. Let x(i) = -2*i - 5. Give x(r).
3
Let j(q) be the first derivative of 3*q**4/2 + 2*q**3/3 + q**2 + q - 3. Calculate j(-1).
-5
Let w(q) = -9*q + 2. Let o(p) = 17*p - 3. Let a(z) = -z + 2. Let i be a(5). Let s(k) = i*o(k) - 5*w(k). Let x = 1 + 0. What is s(x)?
-7
Let m(d) = d - 1. Let u(g) = g**2 + 2*g - 3. Suppose 0 = -3*c + 14 + 22. Suppose -2*i = i + c. Let y be u(i). Calculate m(y).
4
Let p = 8 - 3. Suppose -5 - 7 = -4*l. Let f(v) = 5 + l*v - 5 + 4*v**2 + 2*v - v**3 + 5. What is f(p)?
5
Let v(u) = -u. Let a(x) = 3*x. Let h(r) = -3*a(r) - 7*v(r). Give h(-9).
18
Let a(x) = 75*x. Let v(i) = -30*i. Let l(y) = -5*a(y) - 12*v(y). Give l(1).
-15
Let w(d) = 15*d - 4. Let s(m) = 29 - 121*m + 27 - 23. Let c(f) = 4*s(f) + 33*w(f). Give c(1).
11
Let m be (12/6 + -8)*(-4)/(-6). Let n(r) = -2*r**3 - r**2 - r - 12. Let i(u) = u**3 + u**2 + u + 6. Let d(x) = -7*i(x) - 3*n(x). Give d(m).
10
Suppose -9*c + 2*c = 35. Let n(g) = g + 4. Determine n(c).
-1
Let w(t) = -t**3 - 3*t**2 + t - 3. Let p = -20 - -14. Let q be (p/12)/((-2)/(-12)). What is w(q)?
-6
Let i(g) = 53*g**2 + g - 1 + 7 - 2 - 54*g**2. Determine i(3).
-2
Let h(f) = f - 1. Let l = -38 - -62. Suppose 5*o - 23 = -2*v, 4*o = -v - 2*v + l. Let y be 4/(4/o)*1. Give h(y).
2
Let s(y) = -y + 5. Let c(u) = u - 5. Let w be c(5). Suppose 5*o - 23 - 7 = w. Give s(o).
-1
Suppose -15 = -4*o - o. Let f(n) = -n**2 - n. Let a(r) = -r**3 + 9*r**2 + 5*r + 2. Let j(w) = a(w) + 6*f(w). Give j(o).
-1
Let x(g) = 5*g - 4. Let z(v) = v - 1. Let s(p) = -x(p) + 4*z(p). Let t(n) = n**3 - 4*n**2 - 6*n + 5. Let b be t(5). Suppose b = -4*l + 5*l. Give s(l).
0
Let j be 4/(-10) - (-117)/(-45). Let d = 1 - j. Suppose d*k = -2 - 2. Let y(o) = 4*o**3 + 2*o + 1. Determine y(k).
-5
Suppose 3 = 22*v - 21*v. Let i(o) = -o. Determine i(v).
-3
Let d(q) be the third derivative of -q**4/24 - 2*q**3/3 - 7*q**2. Suppose 5*t + 0*k = 3*k - 38, -5*k = -3*t - 26. Let l = t - -4. Calculate d(l).
-1
Let w(t) = -2*t - 14. Let g be w(-6). Let m be (-66)/77 + g/14. Let u(b) = 7*b**3 + b**2 + b. Calculate u(m).
-7
Let u(b) = b**3 - 6*b**2 + 4*b - 2. Let o be ((-6)/9)/(2/(-9)). Suppose 4*s - 7*n = -3*n, -30 = -3*s - o*n. Give u(s).
-7
Let k(i) = i**3 + 5*i**2 + 2*i + 1. Suppose 0 = -3*a - 1 - 11. What is k(a)?
9
Let w(m) = m + 8. Let q be w(-4). Let n(b) = 4*b - 4. Give n(q).
12
Let u = 30 - 28. Let i(o) = 5*o**2 + o**2 - 3*o**u + 2*o. What is i(-2)?
8
Let n(r) = -2*r. Let m = 110 + -114. Give n(m).
8
Let o(p) = 5*p - p - 5*p + 3. Give o(9).
-6
Let t(d) be the first derivative of d**3/3 + 9*d**2/2 - 4*d + 15. Give t(-10).
6
Let z(p) = 9*p**3 + 1. Let n(r) = -r**2 + 5*r. Let w(s) = 2 - 15*s + 3*s**2 + 0 - 1. Let m(u) = 8*n(u) + 3*w(u). Let v be m(4). Give z(v).
-8
Let a be (-9)/(-2) + (-1)/(-2). Suppose -3*m - 15 = -5*k - a*m, -4*m + 15 = 5*k. Let i(w) = w**2 - 3*w + 4. Give i(k).
4
Let f be 4/6 - (-14)/(-3). Let y = f + 10. Let m(z) = 3 + y*z - 5 - 5*z. What is m(1)?
-1
Let h(u) = u + 2. Let w = 4 + -7. Let i = 7 - w. Let d be ((-12)/i)/(6/20). Give h(d).
-2
Let n(b) = 1 + b**2 - 7 - 2*b + 4. Calculate n(3).
1
Let u(l) = 2*l + 4. Let a(n) = -n - 3. Let o(t) = 3*a(t) + 2*u(t). Suppose -5*i - 3*p + 11 = 0, 2*p = 4*i - 0*p - 22. Suppose 6 + i = -2*w. What is o(w)?
-6
Let k(v) = -v**3 - 4*v**2 - v - 5. Suppose 0*c + 4*c = -16. Determine k(c).
-1
Let w(k) be the second derivative of -k**5/20 + k**4/2 + 5*k**3/6 + 7*k**2/2 - 16*k. Calculate w(7).
-7
Let a(f) = -12*f**2 - 1. Let v be 16/(-12)*(-3)/2. Let h be (-30)/(-42) - v/(-7). Give a(h).
-13
Let c(a) = -3*a - 35. Let s(i) = i + 15. Let v(m) = 2*m + 29. Let k(t) = 5*s(t) - 3*v(t). Let u(h) = 6*c(h) - 17*k(h). What is u(-5)?
-1
Suppose -15 = -5*q + 10. Suppose q*c - 21 = 4*x - x, 2 = -x. Let j be c/2*(-8)/4. Let s(d) = -d**3 - 2*d**2 + 3*d - 3. Calculate s(j).
-3
Let b = -41 + 46. Let o(v) = v**2 - 4*v - 7. Determine o(b).
-2
Let b(t) be the first derivative of -2*t**3/3 + t**2 + 3*t - 3. Give b(3).
-9
Let c(r) = -r**3 + 12*r - 10. Let u(s) = -2*s**3 + s**2 + 23*s - 19. Let i(m) = -7*c(m) + 4*u(m). Determine i(5).
9
Let s(o) be the first derivative of -8 - 1/2*o**2 + 0*o. Let c be 16/(-6)*3/2. Determine s(c).
4
Let c(p) = p**3 - 5*p**2 - 2*p + 7. Let x = -1 + 6. Let w be c(x). Let g(z) = z - 2*z + 4 + 2*z + 0*z. Give g(w).
1
Let d(s) = -s + 2. Let u be d(5). Let x be ((-1)/u)/((-2)/(-6)). Let b(n) = x - 3 + n**2 - 6 + 3 - 3*n. Calculate b(5).
5
Let a(x) = -x**2 - 5*x + 7. Let t be a(-6). Let c be (3 - 0)/t*1. Let w(l) = l**2 + l - 4. What is w(c)?
8
Let l(f) = 6*f**2 - f - 2. Let o(j) = -j**2 + j + 1. Let s(g) = l(g) + 2*o(g). Determine s(1).
5
Let t(l) = l**3 + 5*l**2 - 2. Let q(p) = 10*p - 1. Let i be q(2). Suppose 15 = 5*v + 5. Suppose -2*b - 25 = -5*f, i = -6*b + b - v*f. Determine t(b).
-2
Suppose 3*o = y - 10, y - o + 4 = -3*y. Let v(p) = -2*p**2 + p - 2. What is v(y)?
-12
Let k(r) = 4*r - 1. Let d = 0 + -3. Give k(d).
-13
Let m(h) be the third derivative of h**5/30 + h**4/12 + h**3/3 + 23*h**2. Suppose z - 4*z = 6. Give m(z).
6
Let p(o) be the first derivative of 0*o**2 - 1/3*o**3 - 2 + 1/4*o**4 + 6*o. Let c(m) = -m**3 - 3*m**2 - 3*m - 2. Let k be c(-2). Determine p(k).
6
Let z(l) = -3*l + 4 - 5 + 2*l. Let b be z(-3). Let y(w) = -3*w**2 - w**b + 3*w**2 + 3*w. What is y(3)?
0
Let w be (-1 - -4) + -11*1. Let u(x) = -x**2 - 9*x - 10. Let h be u(w). Let o(l) = l**2 + 5*l + 1. What is o(h)?
-5
Let y(q) = 21*q + 11*q - 31*q - 1. Let c be (-3 + 0)*(-8)/6. Calculate y(c).
3
Let t(n) = 15*n - 2*n**3 - 4*n - 8*n + 3 - n**3. What is t(-2)?
21
Suppose 0 = -3*y - 0 + 9. Suppose 0 = -0*a + a + y. Let v(f) = 2 + 5*f - 4*f**2 + 1 + f**3 + 8*f**2. Give